. Let b(o) = -2*o**3 + 7*o**2 - 9*o + 5. Let v be b(6). Let r = y + v. What are the prime factors of r?
2, 3, 5
Let v(i) = -4*i**2 - 7*i - 4. Let a(w) = 7*w**2 + 14*w + 8. Let p(n) = -3*a(n) - 5*v(n). Let d be p(-6). Suppose d*q + 6 - 52 = 0. List the prime factors of q.
23
Suppose -13*j = 32615 - 113709. What are the prime factors of j?
2, 3119
Let x(q) = -q**3 - 51*q**2 - 69*q - 183. What are the prime factors of x(-55)?
2, 491
Let b(p) = 580*p**2 - p + 1. Let v be 4/6*(-6)/(-4). Let n be b(v). Suppose 6*m - 2*m = n. List the prime factors of m.
5, 29
Let r be (1 - 1/(-3))*126/(-12). Let k = 19 + r. Suppose 2*w - 86 - 135 = -k*s, 5*w + 3*s - 524 = 0. List the prime factors of w.
103
Suppose 2*c = -3*j + 22, -2*j - 2 = 2. Suppose 0 = 19*x - c*x. Suppose -4*b + 434 = 5*p, 3*b - 4*p + 9*p - 328 = x. What are the prime factors of b?
2, 53
Suppose 4*h = -24, -5483 = -j + 5*h + 23117. What are the prime factors of j?
2, 5, 2857
Let n = -160 - -185. Let d(z) = -3*z**2 + 79*z - 24. What are the prime factors of d(n)?
2, 19
Let q = 398 + -408. Let s(h) = -10*h + 8 - 3*h**2 + 2*h**2 + 12. List the prime factors of s(q).
2, 5
Let v(r) = 8*r + 11. Let x be v(-3). Suppose -2*m = 2*m - 4, c - 3*m = -58. Let w = x - c. What are the prime factors of w?
2, 3, 7
Suppose r + 30*m = 29*m + 40994, r - 5*m = 40988. List the prime factors of r.
40993
Let k(d) = 9*d**2 + 1. Let w be k(1). Suppose -2*l - 1456 = -4*i, -18*l = -3*i - 19*l + 1082. Suppose w = 6*r - i. List the prime factors of r.
2, 31
Let b(a) = -677*a**3 - 2*a**2 + 2*a + 3. Let y be b(-1). What are the prime factors of (y/10)/(2/25)?
5, 13
Let y(p) = -5*p**3 + 8*p**2 - 7*p - 8. Let o(d) = 2*d - 2. Let n be o(3). Let r be y(n). Let i = 349 + r. List the prime factors of i.
11
Let k(a) = 31*a - 3. Suppose -z + 5*g - 14 = -0*z, 0 = z - 2*g + 14. Let q = z + 17. What are the prime factors of k(q)?
2, 3, 5
List the prime factors of 5*1 - (-36894)/44*14.
2, 367
Let r(k) = 3*k + 7 + 1 + 2*k - 2*k + 3*k**2. Let l be r(-4). Let g = l - 29. What are the prime factors of g?
3, 5
Let s(l) = l**3 + l**2 - l + 16. Let h be s(-4). Let n(j) = -47*j + 348. List the prime factors of n(h).
2, 13
Let x = -33801 + 50946. What are the prime factors of x?
3, 5, 127
Suppose 0 = -3*g - 9, -20*g = w - 24*g - 15. Suppose -4*a + 319 = w*d - 738, -4*a + 4*d + 1092 = 0. What are the prime factors of a?
2, 67
Suppose -12 = 8*x + 12. Let d(z) = -z**2 - 3*z - 8. Let h be d(x). Let l = h - -34. List the prime factors of l.
2, 13
Let x = -431 - -512. Let m = 315 + x. List the prime factors of m.
2, 3, 11
Let b = -27010 + 64491. List the prime factors of b.
37, 1013
Suppose 5*l = -4*j + 5, 3*j + 3*l = l + 9. Suppose 290 = j*m - 0. Suppose -2*f + 156 - m = 0. List the prime factors of f.
7
Let l(v) = -v**3 + 2*v**2 + 32*v + 33. Let s be l(14). Let f = s + 2815. List the prime factors of f.
2, 59
Suppose 0*r + 11*r = 0. Suppose r = -z + 7 - 11. What are the prime factors of (-126)/(-1) + 6 + z?
2
Suppose 10*g + 15 - 15 = 0. List the prime factors of g + (-1 - -441) - 4.
2, 109
Let q(x) = -6*x + 11. Let a be q(5). Let o = -20 - a. List the prime factors of 1/(((-2)/(-1))/(21 - o)).
11
Let v(g) = 38 - 65 + 142 + 2 + 160 + 110*g. What are the prime factors of v(11)?
1487
Let p = 1019 + 780. What are the prime factors of p?
7, 257
Let n(l) = 27080*l**3 + 3*l**2 - 13*l + 12. List the prime factors of n(1).
2, 11, 1231
Let k be -1 + -1 - (-1 + -1). Suppose -384 = 4*l - 4*m - k*m, -5*l = -3*m + 484. Let q = l + 171. List the prime factors of q.
73
Let i = -72 - -78. Let w(n) = 7*n + 110. What are the prime factors of w(i)?
2, 19
Let t be ((1 - 1)/4)/(-1 + 2). Suppose y - 234 - 625 = t. What are the prime factors of y?
859
Let h = 6 + -4. Let b = -1564 + 1606. Suppose -2*n = 2*w - b, h*n + n + 9 = 0. What are the prime factors of w?
2, 3
Suppose 3*m + 1152 = 12*m. Let n = -103 + m. Suppose n*k = 32*k - 1680. What are the prime factors of k?
2, 3, 5
List the prime factors of (2*-2609)/(1/(5/40))*-48.
2, 3, 2609
Suppose -15*v + 4843 = -14252. Suppose 9*f - 3*g = 5*f + v, 3*g - 337 = -f. What are the prime factors of f?
2, 7, 23
Let z(w) = w**2 + 47*w + 20. Let k be 6*4*(-2)/(-8). List the prime factors of z(k).
2, 13
Let h(j) = -27*j**3 - 2*j**2 - 4 - j**3 + 5 + 7*j**3. Let s be h(1). Let l = s - -51. List the prime factors of l.
29
Let j(m) = 5*m - 5. Let s be j(2). Suppose s*d = -2*o - 1, -3*d - 5 - 8 = -5*o. Suppose -n = -2*c - 2*c + 8, -14 = -o*c - 2*n. What are the prime factors of c?
3
Let g = -1 + 5. Let o be (142/g - 5)/((-1)/6). Let k = -101 - o. What are the prime factors of k?
2, 41
Let h be -463 + (-2 - (10 - 7)). Let b = 847 + h. List the prime factors of b.
379
Let c(f) = 77*f + 1. Let t be c(1). Let q be (t/(-8))/((-54)/576). Suppose -9*y = -y - q. What are the prime factors of y?
13
Suppose -7*t + 12*t - 3*n = 45315, 5*t + 8*n - 45315 = 0. What are the prime factors of t?
3, 19, 53
Let i = -13 - -16. Let g(d) be the first derivative of 3*d**4/4 - d**3 - d**2 - 6*d + 15. What are the prime factors of g(i)?
2, 3, 7
Let s = -9934 + 38597. What are the prime factors of s?
28663
Let f(x) = -217*x**2 - 12*x - 9. Let z(s) = -326*s**2 - 18*s - 14. Let y(o) = 7*f(o) - 5*z(o). List the prime factors of y(-1).
2, 7
What are the prime factors of (47573/226)/((1/16)/1)?
2, 421
Let x be 115/(-23) - (-7 - 0). Let t = 4 - -1. Suppose t*d - 265 = r, -2*d + x*r + 85 = -21. What are the prime factors of d?
53
Let p = 10 + -7. Let k(z) = -7*z + z**2 + 2*z + 4*z**2 + 8*z**3 - 9*z**2 + 11 + 5*z**2. What are the prime factors of k(p)?
13, 17
Let u = -13264 - -23533. What are the prime factors of u?
3, 7, 163
List the prime factors of ((-66)/55)/(42/(-1782795)).
3, 16979
Let j(r) = -90*r**2 - 141*r - 261. Let m(d) = 9*d**2 + 14*d + 26. Let q(z) = 4*j(z) + 42*m(z). List the prime factors of q(-7).
2, 3, 127
Let m = -83507 - -171551. List the prime factors of m.
2, 3, 11, 23, 29
Let u = 96 - 92. Suppose 437 = u*f - 155. What are the prime factors of f?
2, 37
Suppose 862 = -5*f + 3377. Let m = 853 - f. Suppose 0*v + m = 5*v. List the prime factors of v.
2, 5, 7
Let c(i) = -12*i - 41. Let d be c(-6). Let j(s) = -2*s - 6. Let n be j(-4). What are the prime factors of d - (3 - 6/n)?
31
Suppose -4*h + 4*z = -5048, -533*h + z + 5030 = -529*h. What are the prime factors of h?
2, 157
Suppose 0 = 231*i - 258*i + 402273 - 2376. List the prime factors of i.
3, 4937
List the prime factors of (-2)/4 - ((-189693)/2)/21.
2, 1129
Suppose 154*z - 39*z - 459080 = 0. What are the prime factors of z?
2, 499
Let r = 710 - 450. Suppose -14*u = -13*u - r. What are the prime factors of u?
2, 5, 13
Let k(w) = -w**3 + 72*w**2 + 54*w + 2059. What are the prime factors of k(68)?
7, 3461
Let s(l) = -2*l**3 - 5*l**2 - l - 5. Let p be 4 + (-45)/5*-1. Let u(w) = -w + 9. Let i be u(p). List the prime factors of s(i).
47
Let g(b) = -2*b**2 - 8*b - 16. Let w(n) = -5*n**2 - 16*n - 33. Let m(o) = -7*g(o) + 3*w(o). Let v = -42 + 51. List the prime factors of m(v).
2
Suppose 1020 = 19*h - 4*h. Let s(u) = -1 + h*u - u - 1 + 4. List the prime factors of s(2).
2, 17
Let q(i) = i**2 - 7*i - 17. Let y be q(10). Suppose -5*v + y*v - 32 = 0. List the prime factors of 3 + (52 - ((-8)/v)/(-2)).
2, 3
Let p(a) = -110*a + 15700. List the prime factors of p(-43).
2, 3, 5, 227
Suppose 54 + 772 = -3*i - 4*t, -6 = -3*t. Let g = i - -709. List the prime factors of g.
431
Let y(u) be the third derivative of -u**5/60 - 35*u**4/24 - 7*u**3/3 - 128*u**2. Let x(w) = 32*w. Let v be x(-1). What are the prime factors of y(v)?
2, 41
Let t = 354 - 1249. Let p = t + 1519. What are the prime factors of p?
2, 3, 13
Let w(l) = 3752*l**2 + 36*l + 34. List the prime factors of w(-1).
2, 3, 5
Let g(o) be the second derivative of o**4/2 + 7*o**2 - 17*o. Let s(y) be the first derivative of g(y). List the prime factors of s(9).
2, 3
Let k(n) = 3*n**2 + 9*n + 6. Suppose -m + 7 = 16. What are the prime factors of k(m)?
2, 3, 7
Suppose 0 = -42*k + 50*k - 40. What are the prime factors of -2 + (16170/3)/k?
2, 269
Let r = 13485 - 8834. What are the prime factors of r?
4651
Suppose -8 = 21*l - 19*l. Let g be (l/6)/(12/(-2070)). List the prime factors of g/30 - 3/(-18).
2
Suppose -1176 = -3*r + 1170. Let t(z) = -26*z + 17. Let i be t